is the greatest common divisor of g and u?
13
Let w(f) = 2*f**2 + 18*f + 46. Let u be w(-3). Calculate the greatest common factor of u and 110.
10
Suppose 5*f - 7 = 3*r, 0 = 6*r - 2*r - 3*f + 2. Let u be -9*(r - (-14)/(-6)). Suppose 0 = -2*l + 4*l - u. What is the greatest common divisor of l and 9?
3
Suppose 41 = 3*y - 55. Suppose -3*n - n = -y. Suppose 3*a = 6*a - 120. Calculate the highest common factor of n and a.
8
Let d = 61 - 38. Let p be 1*(-2 + 8)/(-6). Let i be 4 + -3 + p + d. Calculate the highest common factor of 253 and i.
23
Let v be (18/30)/(27/(-15) + 2). Suppose -v*d - 1 = -4*d. What is the highest common divisor of 3 and d?
1
Let w(x) = -x**2 + 6*x + 13. Suppose 5*r = u - 11, -4*u + 6*u - r = 13. Let p be w(u). Calculate the highest common factor of 117 and p.
13
Let b be (96 - -19) + 1*-1. Let c = 71 + b. Calculate the greatest common divisor of c and 74.
37
Let j = 32 - 28. Suppose -b - 2*b = -4*i - 778, -5*i = -j*b + 1038. Let k = b - 152. Calculate the highest common factor of k and 10.
10
Let c(v) = -v + 4. Let p be c(13). Let q = p + 11. Suppose -q*s = s - 33. Calculate the highest common divisor of 22 and s.
11
Let z be (-232)/(-48) + (-2)/(-12). Suppose 3*w + 0*w = -4*u - z, -4*w = -5*u - 45. Calculate the highest common divisor of w and 35.
5
Let n = -188 - -263. Let c(t) = 15*t**2 + t + 1. Let l be c(-1). Calculate the greatest common factor of l and n.
15
Let p be (12/(-15))/(6/(-15)). Suppose 0 - 44 = -p*i. Let j be ((-4)/6)/(4/(-12)). Calculate the greatest common factor of j and i.
2
Suppose -u + 3*p + 481 = 0, 2*p = -5*u + 3285 - 880. Calculate the highest common factor of 52 and u.
13
Suppose 0 = -35*k + 4549 - 629. Let f(m) = -3*m - 10. Let h be f(-8). Calculate the highest common factor of h and k.
14
Suppose 2*i - 19 = -i - 4*g, 0 = -2*i - 5*g + 1. Suppose 14*u = i*u + 56. What is the highest common factor of u and 84?
28
Let n = -698 - -1382. What is the highest common divisor of 72 and n?
36
Let y(n) = 4*n**2 - n - 1. Let h be y(1). Suppose 0 = 4*l + h*l - 12. What is the highest common factor of l and 2?
2
Let z(r) = -r**3 - r**2 + 12. Let p be z(0). Let n(q) = 7*q**2 - 7*q - 8. Let x = -2 - 2. Let g be n(x). What is the highest common divisor of g and p?
12
Suppose -25*f + 21*f = -44. What is the highest common divisor of 407 and f?
11
Let k(s) = -9*s - 16. Let v be k(-4). Let c = 16 + v. What is the highest common divisor of c and 252?
36
Let t be 115 - -1 - (-15)/(105/28). Let f = t - 107. Suppose q = -2*q + 117. What is the highest common divisor of q and f?
13
Let g = 11 - 17. Let s be 53/5 + g/10. Suppose -95 = -x - 5*b, 2*x - 4*b = 28 + 92. What is the highest common factor of s and x?
10
Let b = -25 + 21. Let c be b*(-12)/(-9)*-3. What is the greatest common divisor of 8 and c?
8
Suppose 1 + 7 = -2*b. Let m be (-1 + 3/(-12))*b. Suppose -m*a = -2*a + 4*u - 40, u + 23 = 2*a. What is the greatest common divisor of 6 and a?
6
Suppose o + 5 = -2*p, 7 = 2*o + 5*p + 22. Suppose o = 59*s - 54*s. What is the highest common divisor of 31 and s?
1
Let k = -19 - -25. Suppose -2 = -2*u + 3*z + 16, 0 = 3*z - k. Let d be (-6)/(2*u/(-16)). Calculate the greatest common divisor of 32 and d.
4
Suppose 3*j + 4*w = -373 + 1169, j + 4*w - 268 = 0. Suppose 28 = k - j. Let s be k/18 + 2/(-9). What is the greatest common divisor of s and 176?
16
Let v be (-1)/(-5)*(-83 - -198). Calculate the greatest common factor of v and 1541.
23
Let d be 4/(-64)*-4 - 1689/(-12). Let p = 195 - d. Calculate the highest common divisor of 81 and p.
27
Let l(x) = -x + x**3 - 4 - 1 + 2*x + 4. Let d be l(-2). Let o be -2 + 1 - (d - 11). Calculate the greatest common divisor of o and 189.
21
Suppose 2*y - 48 - 262 = -n, -162 = -y + 3*n. Calculate the highest common factor of y and 104.
52
Let k(l) = 5*l**2 + l + 16. Let b be k(3). Calculate the highest common divisor of 928 and b.
32
Let y = 75 - 59. Suppose x = 3*d - 44 - 47, 0 = 2*d + 3*x - 79. What is the greatest common factor of d and y?
16
Let j = -91 + 114. Calculate the highest common factor of 529 and j.
23
Let u(p) = -p**2 - 24*p + 65. Let c be u(0). What is the highest common factor of 1495 and c?
65
Let w be 16*3*(-38)/(-6). Suppose 0 = -19*y + 386 + 336. What is the highest common factor of w and y?
38
Suppose -136 = -a + 20. Let f(s) = -s**3 - 6*s**2 - 10*s + 4. Let n be f(-4). What is the greatest common divisor of a and n?
12
Suppose -141*f + 144 = -123*f. Calculate the greatest common factor of f and 2.
2
Let y = 83 + -20. Let j = 69 - y. What is the greatest common factor of 42 and j?
6
Let i be ((-32)/(-5) + (-22)/(-55))*10. What is the highest common factor of 136 and i?
68
Let k(m) = m**3 - 10*m**2 + 11*m + 1. Let r be k(9). Suppose 96 = r*s - 7*s. Calculate the highest common divisor of 16 and s.
8
Suppose 3*a - 158 = 2*o, -3*o - 2*o = 4*a - 180. What is the greatest common divisor of 60 and a?
10
Let p(b) be the third derivative of 0*b + 0 + 11/6*b**3 - 4*b**2 - 1/60*b**5 - 3/8*b**4. Let u be p(-8). Calculate the highest common factor of u and 209.
19
Suppose -5*u - 125 = -180. Suppose 5*n = -0*n. Suppose 3*f - 48 - 18 = n. Calculate the greatest common factor of f and u.
11
Let j(r) = r + 1. Let m be j(0). Let i(b) = -78*b + 1335. Let y be i(17). What is the highest common factor of y and m?
1
Suppose 2*q - 2*x - 10 = -2*q, 0 = -5*x - 25. Suppose -3*m + 30 = 5*c, q = -0*m - 5*m - 3*c + 34. Calculate the greatest common divisor of m and 35.
5
Suppose -11 = -s - 4*w + 2, 25 = -3*s + 4*w. Let j be 0 + 0 + -1 + 1. Let y be 32/(-48)*(s - j). What is the highest common divisor of 16 and y?
2
Let p(l) be the second derivative of -l**5/10 + 2*l**4 - 3*l**3 + 10*l**2 + 16*l. Let n be p(11). Calculate the highest common divisor of n and 32.
32
Let s(b) = 37*b**2 + b. Let p be s(-1). Let n be (4/10)/(13 - (-1806)/(-140)). Calculate the highest common factor of n and p.
4
Suppose -8 = 4*f, -14*f + 10*f = 2*a. What is the highest common factor of 108 and a?
4
Let b(t) = -3*t**3 - 5*t**2 - 2*t + 5. Let o be b(-4). What is the highest common factor of 350 and o?
25
Suppose 0 = -20*t + 16*t. Let v(p) = -10*p**2 + 7*p + t*p**3 + 4 + 3*p**3 + 19*p**2 - 2*p**3. Let k be v(-8). What is the greatest common divisor of 36 and k?
12
Suppose -4*f + s - 2 = 10, 2*f - 8 = 4*s. Let c be 2/f*(-89 - 7). Suppose -g - g + c = 0. What is the highest common divisor of 24 and g?
24
Suppose 5*j = -0*j - 3*t + 28, 0 = -5*j - t + 36. Suppose y - j*y = -42. What is the highest common factor of 48 and y?
6
Suppose b = -0*b + 368. Let q be 19 + (-3)/((-3)/4). What is the highest common factor of b and q?
23
Let c(r) = 4*r**2 + 10*r + 25. Let i be c(-4). Calculate the greatest common divisor of i and 7.
7
Let q be ((-1)/(5 - 6))/((-1)/177). Let m be (-4 - q) + (3 - 0). What is the greatest common divisor of 22 and m?
22
Let k(z) = -10*z + 65. Let x be k(2). What is the greatest common divisor of 36 and x?
9
Let w = 14 - 11. Suppose -w*u + 2*o = -56, 5*u - 19 = 4*u + o. Calculate the highest common divisor of 27 and u.
9
Suppose -5*k + 0*m = 4*m - 216, -k + m + 36 = 0. Calculate the highest common divisor of k and 155.
5
Let q(o) = 4*o - 3. Let n be q(2). Let a = -2708 - -2763. What is the highest common divisor of a and n?
5
Let l be (-2402)/(-6) - 3/9. Let j = -232 + l. Calculate the highest common divisor of 21 and j.
21
Suppose 3*z = -4*u + 220, -2*z - 5*u + 6*u + 165 = 0. What is the highest common factor of 20 and z?
20
Let z = -31 - -81. Suppose -2*y - z = -7*y. What is the greatest common divisor of 10 and y?
10
Let c(m) = 3*m + 14. Suppose -2*g - 8 = -4*g. Suppose 35 = 3*a + g*u - 5*u, -2*u = a - 14. Let l be c(a). What is the highest common divisor of l and 20?
10
Let s = -16 - -17. Let f be 3 + -5 + (s/1 - -109). Suppose 2*o - 24 = -0*o. What is the greatest common divisor of o and f?
12
Suppose -265*x = -231*x - 578. Let q be ((-678)/(-4))/(2/4). Let w = q + -203. Calculate the highest common divisor of w and x.
17
Let w be (-18)/6 + -1 + 14. Suppose 3*b = -w - 188. Let i = 105 + b. What is the greatest common divisor of 26 and i?
13
Suppose 17 = 2*x + 5*s - 8, -3*s + 3 = 0. Let b be 12 + x - (2 - 0). What is the highest common factor of b and 110?
10
Suppose -6*r = -4*r - 66. Let o be 58/(0 -